0. Calculate n(74).
58
Let z(d) = 517*d - 4670. Determine z(9).
-17
Let g(x) = -x**2 - 63*x - 63. What is g(-1)?
-1
Let t(y) = -8*y**3 - 29*y**2. Calculate t(-3).
-45
Let h(u) = 5*u**3 + 5*u**2 + 10*u - 2. What is h(-2)?
-42
Let z(o) = -405*o + 9. Calculate z(0).
9
Let t(u) = -u**3 - 94*u**2 + 185*u - 709. Determine t(-96).
-37
Let t(f) = 2*f**2 - 133*f - 1010. What is t(-7)?
19
Let l(n) = -48*n + 35. Determine l(8).
-349
Let y(b) = -364*b + 3171. What is y(9)?
-105
Let w(g) = -21*g - 275. Determine w(-11).
-44
Let m(d) = 425*d - 1275. Determine m(3).
0
Let n(z) = z**3 - z**2 - 122*z + 56. What is n(11)?
-76
Let z(i) = -79*i + 6321. Give z(80).
1
Let d(r) = -394*r + 43345. Calculate d(110).
5
Let m(n) = -138*n - 19323. What is m(-140)?
-3
Let u(l) = -16*l**2 + 10*l + 10. What is u(3)?
-104
Let g(i) = -404*i + 35955. Calculate g(89).
-1
Let c(g) = -2*g**3 - 117*g**2 - 171*g - 5. Calculate c(-57).
-5
Let c(q) = 23*q**2 + 441*q + 77. Give c(-19).
1
Let l(a) = -52*a - 356. What is l(-8)?
60
Let j(p) = -3*p**3 - 77*p**2 - 56*p - 144. Determine j(-25).
6
Let i(j) = -12*j**2 + 3*j + 3. Calculate i(-1).
-12
Let w(h) = -4*h**3 + 616*h**2 - 4*h + 610. Calculate w(154).
-6
Let l(h) = 38*h - 351. Give l(9).
-9
Let x(y) = 16*y**2 + 239*y + 5. Give x(-15).
20
Let a(u) = 9*u - 393. Determine a(-54).
-879
Let z(k) = -k**2 - 56*k + 181. What is z(3)?
4
Let j(b) = b - 76. Determine j(-9).
-85
Let x(u) = -u**3 - 15*u**2 + 75*u - 53. What is x(-19)?
-34
Let c(d) = -d**3 - 53*d**2 - 101*d - 8378. What is c(-54)?
-8
Let g(c) = -c**2 - 1835*c + 37095. Determine g(20).
-5
Let a(n) = -16*n**2 + 386*n - 53. Give a(24).
-5
Let r(l) = l**3 - 6*l**2 + 18*l - 28. Calculate r(2).
-8
Let y(k) = k**3 + 15*k**2 - 2*k. Give y(-15).
30
Let l(m) = 9*m**3 - m**2 + 8*m - 2. Calculate l(-4).
-626
Let d(c) = 5*c**3 - 536*c**2 + 109*c - 214. Determine d(107).
0
Let z(r) = 4*r**2 + 7*r - 12. Determine z(-2).
-10
Let j(p) = p**2 + 70*p - 37586. What is j(162)?
-2
Let r(l) = l**3 + 8*l**2 - 14*l + 26. What is r(-9)?
71
Let r(w) = 27*w**2 + 269*w + 230. What is r(-9)?
-4
Let g(m) = -306*m + 301. Calculate g(1).
-5
Let h(u) = -3*u + 104. Give h(19).
47
Let h(m) = -m**2 - 3*m - 96. Give h(-11).
-184
Let v(l) = -2*l**2 - l - 16. What is v(6)?
-94
Let g(o) = -224*o - 3. What is g(-2)?
445
Let b(v) = -37*v + 455. What is b(12)?
11
Let u(o) = -47*o - 6442. What is u(-137)?
-3
Let o(c) = 273*c - 10406. Give o(38).
-32
Let m(a) = -53*a**3 - 2*a**2 + 1. Calculate m(-1).
52
Let z(l) = 3*l**3 - 34*l**2 - 4*l + 11. Determine z(12).
251
Let h(b) = 3*b + 167. Calculate h(-32).
71
Let y(v) = -v**3 - 11*v**2 - 72*v - 776. Determine y(-11).
16
Let b(m) = -56*m + 11. What is b(4)?
-213
Let p(m) = m**3 - 5*m**2 + m - 6. What is p(4)?
-18
Let s(a) = -92*a**2 - 308*a - 4. What is s(-3)?
92
Let y(f) = 2*f**3 + 5*f**2 - 68*f - 137. What is y(-2)?
3
Let h(u) = u + 40. Give h(-15).
25
Let j(p) = p**2 - 84*p + 988. What is j(14)?
8
Let r(y) = -174*y + 14429. Determine r(83).
-13
Let h(p) = -5*p**3 - 23*p**2 - 16*p - 12. Determine h(-4).
4
Let l(c) = -307*c - 3685. Give l(-12).
-1
Let d(g) = 48*g**2 + 125*g + 13. What is d(-2)?
-45
Let t(q) = q**2 - 56*q + 379. Calculate t(7).
36
Let i(f) = -f**3 + 31*f - 34. Calculate i(-6).
-4
Let s(g) = 4*g**2 + 85*g + 40. What is s(-10)?
-410
Let s(l) = 2*l**3 + 24*l**2 + 80*l + 20. Give s(-4).
-44
Let b(a) = -3*a**2 + 5*a + 28. Calculate b(7).
-84
Let i(d) = -32*d**2 + 9*d + 6. Calculate i(-1).
-35
Let v(z) = 5276*z - 31641. Determine v(6).
15
Let o(c) = -1234*c - 48131. What is o(-39)?
-5
Let l(o) = -o**3 - 4*o**2 + 880*o + 4366. Determine l(-5).
-9
Let a(z) = z**2 + 6*z - 14. What is a(5)?
41
Let q(h) = -11*h**2 - 313*h - 617. Give q(-2).
-35
Let g(k) = 345*k - 5859. Give g(17).
6
Let g(a) = -6*a**2 - 372*a + 4. Determine g(-62).
4
Let z(t) = -1543*t - 9260. Give z(-6).
-2
Let o(c) = -c**3 + 6*c**2 + 226*c + 138. Give o(-12).
18
Let b(z) = -2*z**2 - 351*z - 2340. Calculate b(-7).
19
Let i(c) = -20*c + 437. What is i(22)?
-3
Let i(l) = -117*l - 704. Give i(-6).
-2
Let r(x) = 2*x**3 - 66*x**2 + 80*x - 5035. What is r(34)?
-3
Let n(f) = f**3 + 14*f**2 + 42*f - 142. Give n(-6).
-106
Let l(s) = 402*s - 2674. What is l(7)?
140
Let d(p) = 37*p - 566. What is d(15)?
-11
Let t(h) = -h**3 + 51*h**2 + 41*h + 607. Determine t(52).
35
Let a(y) = -10*y**2 - 161. Calculate a(0).
-161
Let w(a) = -9*a + 443. Determine w(52).
-25
Let k(a) = -4*a**3 - 6*a**2 - 8*a - 12. Determine k(-2).
12
Let y(p) = 132*p + 3. Give y(0).
3
Let d(v) = 194*v + 6164. Calculate d(-32).
-44
Let b(x) = 39*x - 375. Calculate b(17).
288
Let u(g) = -17*g**2 + 58*g + 35. Give u(4).
-5
Let u(n) = -2*n**3 + 42*n**2 + 489*n - 722. What is u(29)?
3
Let v(g) = g**3 + g**2 - 4*g. Determine v(4).
64
Let u(l) = 21*l + 408. What is u(-16)?
72
Let q(k) = -k**3 + 44*k**2 - 2*k + 97. What is q(44)?
9
Let l(x) = -x**3 + 32*x**2 - 220*x + 2. What is l(22)?
2
Let x(i) = -13*i**3 + 152*i**2 + 48*i - 6. Give x(12).
-6
Let l(n) = -n**2 + 271*n - 2860. Calculate l(11).
0
Let o(g) = 21*g - 358. Determine o(16).
-22
Let v(z) = 22*z + 434. Determine v(-16).
82
Let g(w) = -4*w**3 - 11*w**2 + 2*w - 10. Give g(-5).
205
Let h(w) = 2*w**3 + 38*w**2 - 18*w - 247. Calculate h(-19).
95
Let t(j) = 79*j + 1133. What is t(-13)?
106
Let j(g) = -g**3 - 2*g**2 - 6*g - 24. Calculate j(-7).
263
Let m(p) = -p**3 - 13*p**2 - 37*p - 2. Give m(-10).
68
Let r(j) = -j**3 + 79*j**2 - 153*j - 43. Give r(77).
34
Let o(x) = -x**3 - 178*x**2 - 683*x + 2256. What is o(-174)?
-6
Let n(b) = 823*b - 1637. Give n(2).
9
Let g(q) = -q**3 + 14*q**2 - 50*q + 37. Determine g(5).
12
Let s(y) = -2*y**2 - 16*y - 23. Determine s(-4).
9
Let t(r) = -1107*r - 3. What is t(0)?
-3
Let c(h) = 8*h**2 + 22*h - 52. Determine c(5).
258
Let o(h) = -1078*h + 14018. Determine o(13).
4
Let v(d) = -528*d - 473. What is v(-1)?
55
Let g(q) = q**2 - 60*q - 1791. What is g(84)?
225
Let z(w) = -2*w**3 - 40*w**2 - 64*w + 67. What is z(-18)?
-77
Let y(q) = q**2 - 17*q - 36. Give y(13).
-88
Let n(f) = 140*f - 2376. Calculate n(17).
4
Let n(q) = -q**2 + 79*q - 1261. Calculate n(15).
-301
Let a(j) = 6*j**2 - 114*j + 104. Give a(18).
-4
Let p(i) = 104*i**2 - 117*i + 231. Calculate p(2).
413
Let o(s) = -26*s + 112. Give o(-5).
242
Let j(f) = -f**3 - 44*f**2 - 313*f + 74. Calculate j(-35).
4
Let u(r) = -3997*r + 3989. Calculate u(1).
-8
Let u(d) = -d**3 - 18*d**2 + 7*d + 6. Determine u(-19).
234
Let l(n) = 7*n**3 - 158*n**2 - 55*n - 327. Determine l(23).
-5
Let v(l) = -29*l - 950. Calculate v(-46).
384
Let d(o) = 40*o - 53. What is d(3)?
67
Let y(z) = 73*z**3 - 2*z**2 + 28*z + 61. What is y(-2)?
-587
Let v(y) = -26*y + 4533. Determine v(174).
9
Let z(l) = 331*l - 1668. Calculate z(5).
-13
Let t(p) = 11*p**3 + 110*p**2 + 2*p - 12. Give t(-10).
-32
Let h(p) = 960*p - 14474. Determine h(15).
-74
Let u(p) = -221*p + 2345. Calculate u(14).
-749
Let w(a) = 3830*a + 26818. Calculate w(-7).
8
Let q(t) = -t**3 - 85*t**2 - 621*t - 481. What is q(-77)?
-96
Let s(p) = 2*p**2 - 99*p - 1472. Give s(-12).
4
Let c(q) = q**2 - 107*q + 2673. What is c(67)?
-7
Let g(v) = 280*v + 8120. Calculate g(-29).
0
Let k(p) = p**2 - 97*p + 2349. Calculate k(47).
-1
Let k(d) = d**2 + 50*d + 138. Give k(-44).
-126
Let x(n) = 69*n - 40. Determine x(1).
29
Let a(b) = 5*b**2 + 164*b + 291. Calculate a(-31).
12
Let p(a) = -21*a**3 + 9*a**2 + 5*a - 36. Give p(-3).
597
Let r(a) = 19*a + 295. What is r(-11)?
86
Let w(p) = 247*p**3 + 13*p + 14. Give w(-1).
-246
Let f(x) = -591*x + 612. Calculate f(1).
21
Let g(d) = -2774*d + 19448. Calculate g(7).
30
Let n(b) = 16*b**2 + 7*b - 2. Give n(2).
76
Let g(w) = w**3 - 23*w**2 - 12*w + 279. Calculate g(23).
3
Let a(k) = -55*k + 2400. Determine a(45).
-75
Let k(q) = -183*q - 1. Determine k(0).
-1
Let g(u) = -u**3 - 52*u**2 + 110*u + 112. Calculate g(-54).
4
Let r(t) = -52*t - 7256. Determine r(-136).
-184
Let c(f) = 45*f**2 - 176*f - 176. Calculate c(-1).
45
Let c(f) = 35*f + 330. Determine c(-9).
15
Let t(r) = 2*r**3 - 16*r**2 - 14*r + 24. Determine t(7).
-172
Let p(z) = -779*z + 24967. Calculate p(32).
39
Let o(b) = 79*b + 9244. Determine o(-117).
1
Let n(s) = -s**3 - 10*s**2 + 11*s + 19. What is n(-9)?
-161
Let b(w) = 5*w**2 + 167*w - 100. Determine b(-34).
2
Let i(v) = -7*v**2 - 43*v + 17. Determi